202
Calculate the remainder when 20826 is divided by 83.
76
Calculate the remainder when 58375 is divided by 4863.
19
Calculate the remainder when 3063 is divided by 305.
13
Calculate the remainder when 1727 is divided by 161.
117
What is the remainder when 653782 is divided by 574?
570
Calculate the remainder when 259153 is divided by 418.
411
Calculate the remainder when 10873 is divided by 2168.
33
Calculate the remainder when 1104 is divided by 321.
141
What is the remainder when 2573 is divided by 237?
203
What is the remainder when 329 is divided by 24?
17
What is the remainder when 1864 is divided by 1821?
43
What is the remainder when 5886 is divided by 52?
10
What is the remainder when 49233 is divided by 49206?
27
Calculate the remainder when 912575 is divided by 443.
438
Calculate the remainder when 28594 is divided by 586.
466
Calculate the remainder when 6104 is divided by 2493.
1118
What is the remainder when 25184 is divided by 188?
180
Calculate the remainder when 2282439 is divided by 860.
859
Calculate the remainder when 710521 is divided by 124.
1
What is the remainder when 756359 is divided by 238?
233
What is the remainder when 87389 is divided by 689?
575
What is the remainder when 31949 is divided by 10616?
101
What is the remainder when 938 is divided by 531?
407
Calculate the remainder when 2091 is divided by 1761.
330
What is the remainder when 391817 is divided by 55?
52
Calculate the remainder when 1395 is divided by 345.
15
Calculate the remainder when 4005 is divided by 1999.
7
What is the remainder when 289258 is divided by 358?
352
Calculate the remainder when 190548 is divided by 206.
204
Calculate the remainder when 16656 is divided by 95.
31
Calculate the remainder when 30901 is divided by 52.
13
Calculate the remainder when 227099 is divided by 93.
86
What is the remainder when 15197 is divided by 3039?
2
Calculate the remainder when 723449 is divided by 105.
104
What is the remainder when 2498 is divided by 999?
500
What is the remainder when 117469 is divided by 3789?
10
What is the remainder when 249111 is divided by 434?
429
What is the remainder when 9668 is divided by 38?
16
Calculate the remainder when 14488 is divided by 2596.
1508
Calculate the remainder when 16031 is divided by 164.
123
What is the remainder when 561529 is divided by 92?
53
What is the remainder when 42609 is divided by 45?
39
Calculate the remainder when 25909 is divided by 54.
43
Calculate the remainder when 5143639 is divided by 20.
19
Calculate the remainder when 322585 is divided by 121.
120
What is the remainder when 6971 is divided by 188?
15
Calculate the remainder when 3025 is divided by 963.
136
Calculate the remainder when 1843424 is divided by 27.
26
What is the remainder when 2213429 is divided by 8?
5
Calculate the remainder when 1211 is divided by 28.
7
Calculate the remainder when 71929 is divided by 60.
49
What is the remainder when 3500 is divided by 1685?
130
What is the remainder when 282061 is divided by 363?
10
What is the remainder when 976 is divided by 429?
118
Calculate the remainder when 16492947 is divided by 1710.
1707
Calculate the remainder when 3042 is divided by 346.
274
What is the remainder when 2616 is divided by 662?
630
Calculate the remainder when 51079 is divided by 173.
44
What is the remainder when 2272 is divided by 42?
4
What is the remainder when 1006 is divided by 180?
106
What is the remainder when 1419 is divided by 33?
0
What is the remainder when 9013 is divided by 1328?
1045
What is the remainder when 53919 is divided by 129?
126
What is the remainder when 3202 is divided by 1131?
940
What is the remainder when 2728 is divided by 732?
532
What is the remainder when 17514 is divided by 17504?
10
What is the remainder when 14120 is divided by 4686?
62
Calculate the remainder when 1015 is divided by 60.
55
Calculate the remainder when 5964 is divided by 406.
280
Calculate the remainder when 2604 is divided by 626.
100
Calculate the remainder when 1131 is divided by 302.
225
What is the remainder when 675575 is divided by 6?
5
Calculate the remainder when 2424 is divided by 401.
18
What is the remainder when 15090 is divided by 20?
10
Calculate the remainder when 492572 is divided by 336.
332
What is the remainder when 2301 is divided by 2243?
58
Calculate the remainder when 2206 is divided by 533.
74
What is the remainder when 17287 is divided by 5761?
4
What is the remainder when 41160 is divided by 31?
23
What is the remainder when 10814 is divided by 820?
154
Calculate the remainder when 19602 is divided by 240.
162
What is the remainder when 11134 is divided by 1630?
1354
Calculate the remainder when 20722 is divided by 10351.
20
What is the remainder when 913 is divided by 82?
11
Calculate the remainder when 32908 is divided by 62.
48
Calculate the remainder when 105090 is divided by 559.
557
Calculate the remainder when 139664 is divided by 412.
408
Calculate the remainder when 9006 is divided by 2248.
14
What is the remainder when 9066 is divided by 3004?
54
Calculate the remainder when 3072 is divided by 57.
51
Calculate the remainder when 1740282 is divided by 26.
24
What is the remainder when 1468 is divided by 427?
187
Calculate the remainder when 110579 is divided by 6911.
3
Calculate the remainder when 21397 is divided by 3055.
12
What is the remainder when 403 is divided by 341?
62
What is the remainder when 10003895 is divided by 1726?
1725
Calculate the remainder when 2557 is divided by 2427.
130
Calculate the remainder when 17138 is divided by 1224.
2
What is the remainder when 2432277 is divided by 97291?
2
Calculate the remainder when 43115 is divided by 93.
56
Calculate the remainder when 1787 is divided by 49.
23
Calculate the remainder when 38421 is divided by 22.
9
What is the remainder when 696026 is divided by 29?
26
Calculate the remainder when 69554 is divided by 1364.
1354
Calculate the remainder when 1775 is divided by 122.
67
Calculate the remainder when 14460 is divided by 1216.
1084
Calculate the remainder when 8089 is divided by 38.
33
Calculate the remainder when 986 is divided by 598.
388
Calculate the remainder when 13341 is divided by 6644.
53
What is the remainder when 421743 is divided by 11715?
3
Calculate the remainder when 465609 is divided by 653.
20
Calculate the remainder when 4680 is divided by 2052.
576
Calculate the remainder when 9649 is divided by 9574.
75
What is the remainder when 59998 is divided by 29984?
30
What is the remainder when 21242 is divided by 23?
13
Calculate the remainder when 1406 is divided by 293.
234
What is the remainder when 65447 is divided by 909?
908
Calculate the remainder when 329271 is divided by 980.
971
Calculate the remainder when 10705 is divided by 282.
271
What is the remainder when 24595 is divided by 14?
11
Calculate the remainder when 81014 is divided by 8.
6
What is the remainder when 750 is divided by 73?
20
What is the remainder when 86022 is divided by 185?
182
What is the remainder when 1332 is divided by 324?
36
Calculate the remainder when 1661139 is divided by 130.
129
What is the remainder when 1940438 is divided by 23?
20
What is the remainder when 1371560 is divided by 15072?
8
What is the remainder when 1635267 is divided by 42?
39
Calculate the remainder when 51443 is divided by 96.
83
Calculate the remainder when 5590 is divided by 56.
46
Calculate the remainder when 2486 is divided by 310.
6
What is the remainder when 4851 is divided by 35?
21
What is the remainder when 39844 is divided by 19848?
148
What is the remainder when 2437 is divided by 51?
40
What is the remainder when 9017 is divided by 4373?
271
Calculate the remainder when 237854 is divided by 418.
12
What is the remainder when 3244285 is divided by 232?
229
Calculate the remainder when 361185 is divided by 381.
378
Calculate the remainder when 1826 is divided by 119.
41
Calculate the remainder when 8138 is divided by 509.
503
Calculate the remainder when 393 is divided by 6.
3
Calculate the remainder when 1006 is divided by 172.
146
What is the remainder when 1427 is divided by 218?
119
Calculate the remainder when 431599 is divided by 2956.
23
Calculate the remainder when 254765 is divided by 16984.
5
What is the 